a composite number?
True
Is 8672730637 a prime number?
False
Is 115917433 a composite number?
True
Is 8761663817 a prime number?
True
Is 2522978389 composite?
False
Is 121681096631 prime?
True
Is 498665171 prime?
False
Is 867886841 a prime number?
True
Is 72837954895 prime?
False
Is 42126643729 a composite number?
False
Is 16775968333 prime?
False
Is 9380928847 a composite number?
True
Is 133116437 composite?
False
Is 4225887749 composite?
False
Is 9830217139 prime?
False
Is 14587324373 a composite number?
True
Is 13201246651 composite?
False
Is 10797025717 composite?
False
Is 1124867783 a prime number?
False
Is 2167735937 a prime number?
True
Is 33008953 a prime number?
False
Is 4111776007 prime?
True
Is 64867951039 prime?
False
Is 14145590869 composite?
False
Is 54226936547 composite?
True
Is 205174157 composite?
True
Is 3430212923 composite?
False
Is 14604163571 prime?
False
Is 10500355477 composite?
True
Is 10794803843 a composite number?
True
Is 1653426007 a composite number?
False
Is 1888982477 a prime number?
False
Is 32479150283 a prime number?
False
Is 14776711199 prime?
True
Is 1537391143 prime?
False
Is 2862432347 a prime number?
True
Is 32468393 a prime number?
True
Is 21778568849 a composite number?
True
Is 628195199 a prime number?
True
Is 189858289 composite?
False
Is 5135619833 composite?
False
Is 71949166669 a composite number?
True
Is 11134402849 prime?
False
Is 45511617383 a composite number?
True
Is 11726651 a composite number?
True
Is 37807781857 composite?
True
Is 1552264579 a prime number?
False
Is 1684674649 composite?
True
Is 797277119 composite?
True
Is 18616549697 prime?
False
Is 10979679493 composite?
True
Is 7487341391 a prime number?
True
Is 189362311 prime?
False
Is 59892055621 composite?
False
Is 52534797331 prime?
True
Is 5388397727 prime?
False
Is 4789349263 a composite number?
False
Is 8650432807 composite?
False
Is 992594027 prime?
False
Is 1171312777 prime?
True
Is 3598744687 composite?
True
Is 22438013359 a prime number?
True
Is 1426007501 prime?
False
Is 38046007093 a composite number?
True
Is 2826145499 prime?
True
Is 639459737 prime?
False
Is 1093711993 a composite number?
True
Is 3428985983 composite?
True
Is 513912397 composite?
True
Is 267234889 a prime number?
True
Is 26596763801 prime?
True
Is 67985244499 a composite number?
True
Is 73339837 composite?
True
Is 345439581 prime?
False
Is 83214988937 a prime number?
True
Is 253718898577 a prime number?
True
Is 1449013043 prime?
False
Is 42992746193 a prime number?
False
Is 14257947763 prime?
True
Is 470187979 prime?
False
Is 100421785517 prime?
True
Is 1165251011 a prime number?
True
Is 111451259 a prime number?
True
Is 858903361 prime?
True
Is 26602250419 a composite number?
False
Is 7016354707 a prime number?
False
Is 16218465463 composite?
True
Is 1009805651 a prime number?
False
Is 5179193 a prime number?
False
Is 512305351 a composite number?
True
Is 30001930919 composite?
True
Is 485251831 prime?
True
Is 2795087 composite?
True
Is 9450687401 composite?
True
Is 14751548717 a composite number?
False
Is 29150558621 a composite number?
False
Is 893317783 prime?
False
Is 826514321 composite?
False
Is 128835727147 composite?
False
Is 27028468171 a prime number?
False
Is 13678621127 a composite number?
True
Is 5893820221 prime?
False
Is 166802459 prime?
True
Is 6553531 a composite number?
True
Is 2291805203 a prime number?
True
Is 900962747 prime?
True
Is 7202565469 composite?
True
Is 200391173 a prime number?
False
Is 1128046351 composite?
False
Is 26125879166 a composite number?
True
Is 69408646963 a prime number?
True
Is 1623564386 a prime number?
False
Is 1729989949 a composite number?
True
Is 17105528233 composite?
True
Is 58111421 a composite number?
False
Is 2123138569 prime?
True
Is 8796023897 a composite number?
False
Is 240095929 a composite number?
False
Is 835245953 a composite number?
True
Is 8456033671 a composite number?
False
Is 6139582151 prime?
True
Is 9024793441 a prime number?
True
Is 530844089 prime?
False
Is 5268513637 composite?
False
Is 10337023529 a prime number?
False
Is 55433532577 composite?
True
Is 6259308617 a prime number?
True
Is 1242004637 prime?
True
Is 588543731 prime?
True
Is 921977203 a composite number?
True
Is 6863033477 a prime number?
True
Is 144635671 composite?
True
Is 203327755 a prime number?
False
Is 4020470939 a prime number?
True
Is 2195311431 prime?
False
Is 30994853961 a prime number?
False
Is 393377167 a prime number?
False
Is 13118530657 composite?
False
Is 391757209 composite?
False
Is 647425039 a prime number?
False
Is 2056855181 composite?
True
Is 45173771 a composite number?
True
Is 19149618071 prime?
False
Is 4647802561 a prime number?
False
Is 322553111 a prime number?
True
Is 896631821 a composite number?
False
Is 384725659 composite?
True
Is 56014879747 prime?
False
Is 814609693 a composite number?
False
Is 9303454583 composite?
True
Is 7230074927 a prime number?
True
Is 427266271 prime?
True
Is 20154941221 a prime number?
True
Is 8260284641 composite?
True
Is 3705322723 prime?
True
Is 28391372717 a composite number?
True
Is 32576525227 prime?
False
Is 28989541429 a prime number?
False
Is 1486293493 a prime number?
False
Is 4296032567 prime?
True
Is 29798844713 a composite number?
True
Is 531884113 a composite number?
False
Is 39757751177 composite?
False
Is 572272783 a prime number?
True
Is 14326088099 a prime number?
False
Is 155137709 prime?
True
Is 6955625213 a prime number?
True
Is 2739607499 a composite number?
False
Is 31785625873 a prime number?
False
Is 7676813863 a prime number?
False
Is 23754266711 a prime number?
False
Is 2490884443 a prime number?
False
Is 99757363 composite?
True
Is 1441419929 a composite number?
True
Is 116624732179 a composite number?
False
Is 76810463 prime?
False
Is 969029065 a composite number?
True
Is 2676397177 a prime number?
True
Is 1164462883 prime?
False
Is 46440101 a composite number?
False
Is 2837277719 a composite number?
False
Is 38287072093 a composite number?
True
Is 1854123877 composite?
False
Is 8965311571 a composite number?
False
Is 9717145657 composite?
False
Is 51690579131 composite?
False
Is 242011887911 a prime number?
True
Is 37855350257 a prime number?
False
Is 475892173 a prime number?
False
Is 47408666231 composite?
False
Is 396762323 a composite number?
True
Is 56531026709 a composite number?
False
Is 1445108719 a composite number?
False
Is 48142363 composite?
True
Is 120921877511 a composite number?
False
Is 211147309 a prime number?
True
Is 18418891319 a composite number?
True
Is 277524769 a prime number?
False
Is 8787383743 prime?
False
Is 2935840723 prime?
False
Is 235901279 prime?
True
Is 2678471 prime?
True
Is 3882219967 prime?
False
Is 5423102491 a composite number?
True
Is 1870475069 composite?
True
Is 23722338583 prime?
True
Is 4155820523 a prime number?
True
Is 279710813 a prime number?
False
Is 158121773 prime?
False
Is 20583846853 composite?
False
Is 794983069 a composite number?
False
Is 736613047 a composite number?
False
Is 439819433 a prime number?
True
Is 42221841447 composite?
True
Is 12242374847 a prime number?
True
Is 904433777 a composite number?
True
Is 264449513 prime?
False
Is 591662987 a composite number?
True
Is 199665313 a prime number?
True
Is 412819417 composite?
True
Is 22076378399 composite?
False
Is 46894529887 a prime number?
True
Is 324686933 prime?
False
Is 31730049151 prime?
False
Is 29125084577 composite?
False
Is 159598661 prime?
False
Is 1855281742 composite?
True
Is 1076241963 composite?
True
Is 71788723 a prime number?
True
Is 4033541723 a prime number?
True
Is 89562166643 a composite number?
True
Is 17204315629 a composite number?
True
Is 16175546707 a prime number?
True
Is 18755444317 composite?
True
Is 1352419693 a composite number?
False
Is 7413644677 composite?
False
Is 5306726609 composite?
False
Is 12956586881 a prime number?
False
Is 512080727 composite?
False
Is 14195962393 composite?
False
Is 26471095477 a composite number?
True
Is 20965857757 a prime number?
False
Is 357709893 a prime number?
False
Is 8869591 a composite number?
False
Is 3491050489 prime?
True
Is 2040425405 prime?
False
Is 187754657 prime?
False
Is 5707842367 a composite number?
True
Is 2997021283 composite?
Tr